{"id":401,"date":"2025-03-02T23:51:13","date_gmt":"2025-03-02T22:51:13","guid":{"rendered":"https:\/\/bibleetjardins.com\/?page_id=401"},"modified":"2025-03-03T00:38:03","modified_gmt":"2025-03-02T23:38:03","slug":"en-cours-de-construction","status":"publish","type":"page","link":"https:\/\/bibleetjardins.com\/index.php\/en-cours-de-construction\/","title":{"rendered":"En cours de construction"},"content":{"rendered":"\n<h2 class=\"wp-block-heading\">La page que vous cherchez a \u00e9t\u00e9 sem\u00e9e et elle est en train de germer. Revenez dans quelques jours pour voir si elle a pouss\u00e9. <br><br>Toquez le jardinier si vous ne voyez rien arriv\u00e9 dans quelques semaines. <br><br>De temps en temps, revenez visiter le blog Bible et Jardins, il y a toujours quelques nouvelles \u00e0 d\u00e9couvrir. <\/h2>\n","protected":false},"excerpt":{"rendered":"<p>La page que vous cherchez a \u00e9t\u00e9 sem\u00e9e et elle est en train de germer. Revenez dans quelques jours pour voir si elle a pouss\u00e9. Toquez le jardinier si vous ne voyez rien arriv\u00e9 dans quelques semaines. De temps en temps, revenez visiter le blog Bible et Jardins, il y a toujours quelques nouvelles \u00e0 [&hellip;]<\/p>\n","protected":false},"author":1,"featured_media":400,"parent":0,"menu_order":0,"comment_status":"closed","ping_status":"closed","template":"","meta":{"_exactmetrics_skip_tracking":false,"_exactmetrics_sitenote_active":false,"_exactmetrics_sitenote_note":"","_exactmetrics_sitenote_category":0,"footnotes":""},"class_list":["post-401","page","type-page","status-publish","has-post-thumbnail","hentry"],"aioseo_notices":[],"_links":{"self":[{"href":"https:\/\/bibleetjardins.com\/index.php\/wp-json\/wp\/v2\/pages\/401","targetHints":{"allow":["GET"]}}],"collection":[{"href":"https:\/\/bibleetjardins.com\/index.php\/wp-json\/wp\/v2\/pages"}],"about":[{"href":"https:\/\/bibleetjardins.com\/index.php\/wp-json\/wp\/v2\/types\/page"}],"author":[{"embeddable":true,"href":"https:\/\/bibleetjardins.com\/index.php\/wp-json\/wp\/v2\/users\/1"}],"replies":[{"embeddable":true,"href":"https:\/\/bibleetjardins.com\/index.php\/wp-json\/wp\/v2\/comments?post=401"}],"version-history":[{"count":2,"href":"https:\/\/bibleetjardins.com\/index.php\/wp-json\/wp\/v2\/pages\/401\/revisions"}],"predecessor-version":[{"id":416,"href":"https:\/\/bibleetjardins.com\/index.php\/wp-json\/wp\/v2\/pages\/401\/revisions\/416"}],"wp:featuredmedia":[{"embeddable":true,"href":"https:\/\/bibleetjardins.com\/index.php\/wp-json\/wp\/v2\/media\/400"}],"wp:attachment":[{"href":"https:\/\/bibleetjardins.com\/index.php\/wp-json\/wp\/v2\/media?parent=401"}],"curies":[{"name":"wp","href":"https:\/\/api.w.org\/{rel}","templated":true}]}}